rue
Is 1591 a factor of 9940106?
False
Is 3405120 a multiple of 192?
True
Does 1134 divide 1135570590?
True
Does 16 divide 12019813?
False
Is 1351 a factor of 478989844?
False
Is 1548807150 a multiple of 165?
True
Does 54 divide 1652430618?
True
Does 7 divide 264430190?
False
Is 1616051520 a multiple of 40?
True
Does 45 divide 1836451376?
False
Is 24 a factor of 255041784?
True
Is 148903902 a multiple of 16?
False
Does 121 divide 85908265?
False
Is 27042821 a multiple of 2?
False
Does 384 divide 5323640832?
True
Is 63 a factor of 848058960?
False
Does 41 divide 39016584?
True
Does 2261 divide 664092280?
False
Does 1332 divide 367506295?
False
Is 60 a factor of 2191986988?
False
Is 391 a factor of 31977153?
True
Is 20 a factor of 88599947?
False
Is 60061583 a multiple of 468?
False
Is 4 a factor of 5507900?
True
Is 47 a factor of 60947908?
True
Is 188 a factor of 116842376?
True
Is 17277000 a multiple of 375?
True
Does 59 divide 67528643?
False
Is 115 a factor of 52217956?
False
Does 22 divide 21072678?
True
Does 436 divide 629624247?
False
Is 43034035 a multiple of 5?
True
Does 10 divide 46356927?
False
Is 16 a factor of 296019012?
False
Is 424999280 a multiple of 582?
False
Does 1163 divide 68154126?
True
Is 101 a factor of 15613654?
False
Is 27 a factor of 121527625?
False
Does 4 divide 1042867732?
True
Is 11 a factor of 12753230?
False
Does 21 divide 278498724?
True
Is 494419468 a multiple of 692?
True
Is 22 a factor of 1762339665?
False
Is 12719322 a multiple of 1518?
True
Is 2 a factor of 165699900?
True
Is 470106900 a multiple of 3204?
True
Is 4336167141 a multiple of 1026?
False
Does 190 divide 5894643?
False
Is 2996539 a multiple of 6?
False
Is 1104474300 a multiple of 2406?
True
Is 339580709 a multiple of 2035?
False
Is 17717526 a multiple of 241?
False
Does 15 divide 2729929485?
True
Is 15 a factor of 68913127?
False
Is 2569944954 a multiple of 267?
True
Does 12 divide 320090532?
True
Is 401 a factor of 6251275?
False
Does 173 divide 204814008?
True
Is 11 a factor of 54795284?
False
Is 14180544 a multiple of 72?
True
Does 14 divide 4376078?
True
Is 7 a factor of 292535303?
False
Is 427217535 a multiple of 184?
False
Is 2804886 even?
True
Is 965239815 a multiple of 377?
False
Is 96 a factor of 3792192?
True
Is 21 a factor of 326959798?
False
Is 1528772215 a multiple of 2521?
True
Does 36 divide 94074372?
True
Does 603 divide 15325799?
False
Is 46 a factor of 60415480?
True
Is 1012592 a multiple of 6?
False
Does 51 divide 28010758?
False
Is 366553392 a multiple of 138?
True
Does 158 divide 4567049655?
False
Does 54 divide 3606405259?
False
Is 1228971052 a multiple of 92?
True
Is 22 a factor of 57368730?
False
Is 204643689 a multiple of 907?
True
Is 1619 a factor of 11536849?
False
Is 970 a factor of 21849341?
False
Is 39680845 a multiple of 1415?
True
Does 4 divide 579684?
True
Does 1555 divide 20923031?
False
Is 24 a factor of 57107466?
False
Does 4388 divide 716161092?
True
Is 21966615 a multiple of 4?
False
Is 493 a factor of 32577933?
True
Is 599278068 a multiple of 18?
True
Is 1698 a factor of 125280138?
True
Is 59 a factor of 117728950?
False
Is 834570103 a multiple of 1031?
False
Is 20441833 a multiple of 116?
False
Is 1206 a factor of 510878486?
False
Does 12 divide 371353794?
False
Is 8429599 a multiple of 992?
False
Is 95 a factor of 134664552?
False
Does 17 divide 12555970?
False
Is 3423108216 a multiple of 138?
True
Does 1475 divide 77713325?
True
Does 1137 divide 190705599?
True
Is 496 a factor of 32147701?
False
Does 136 divide 360200488?
True
Does 48 divide 14510656?
False
Is 50 a factor of 25983200?
True
Does 498 divide 748855548?
True
Is 183 a factor of 214107032?
False
Does 38 divide 79535710?
True
Is 323947770 a multiple of 10?
True
Is 694 a factor of 1228258341?
False
Is 299469256 a multiple of 5720?
False
Is 193589550 a multiple of 693?
True
Is 50 a factor of 4879787?
False
Does 15 divide 102783203?
False
Does 19 divide 682339134?
True
Is 677082 a multiple of 222?
False
Does 99 divide 464098041?
True
Does 44 divide 2735172?
True
Does 307 divide 9155430?
False
Does 97 divide 792274806?
False
Is 13511739 a multiple of 114?
False
Is 221 a factor of 477056567?
True
Is 7036736 a multiple of 226?
True
Is 1023114 a multiple of 123?
True
Is 124 a factor of 115233200?
True
Is 62086226 a multiple of 3183?
False
Is 7082691 a multiple of 33?
True
Does 1686 divide 39599135?
False
Does 1039 divide 109923186?
False
Does 59 divide 5880766?
True
Is 690839487 a multiple of 41?
False
Does 2110 divide 5494490640?
True
Is 27524664 a multiple of 244?
True
Is 15906675 a multiple of 1965?
True
Does 541 divide 22952600?
False
Does 6 divide 29021028?
True
Does 129 divide 331873656?
True
Is 36 a factor of 75778703?
False
Is 981670320 a multiple of 531?
True
Is 3376 a factor of 62277072?
True
Is 13031949 a multiple of 216?
False
Does 44 divide 507815986?
False
Is 136 a factor of 32351816?
True
Is 36590151 a multiple of 39?
True
Is 191916 a multiple of 9?
True
Does 1305 divide 8534700?
True
Is 118 a factor of 1689577078?
False
Is 210 a factor of 87107670?
False
Is 157742073 a multiple of 5?
False
Is 30895120 a multiple of 40?
True
Is 688 a factor of 37396928?
True
Is 4255419226 a multiple of 3998?
True
Is 273 a factor of 28856373?
True
Is 1645400 a multiple of 760?
True
Is 492803232 a multiple of 387?
False
Does 944 divide 294987236?
False
Does 947 divide 243541884?
True
Is 172667276 a multiple of 236?
True
Does 6798 divide 628619294?
False
Is 6233584 a multiple of 112?
True
Is 81050806 a multiple of 4868?
False
Does 1058 divide 61313559?
False
Is 6 a factor of 1074112044?
True
Is 45 a factor of 100529106?
False
Is 119 a factor of 179032049?
True
Is 14 a factor of 8326370262?
True
Is 957043747 a multiple of 11?
True
Does 27 divide 4979489?
False
Does 20 divide 66719184?
False
Is 84 a factor of 12702900?
True
Is 449 a factor of 139060162?
False
Is 204096519 a multiple of 348?
False
Is 35303912 a multiple of 56?
True
Is 2898753153 a multiple of 11?
False
Is 657 a factor of 3895433811?
True
Does 27 divide 152469810?
True
Is 3885 a factor of 1282387995?
True
Does 2943 divide 310725190?
False
Is 346235122 a multiple of 573?
False
Is 61015696 a multiple of 51?
False
Is 3042114790 a multiple of 1199?
True
Is 102 a factor of 3801234?
True
Is 180852756 a multiple of 2211?
False
Does 33 divide 215906639?
False
Is 3957 a factor of 4356573903?
True
Is 851 a factor of 2447317767?
False
Does 3006 divide 1199450840?
False
Is 40433412 a multiple of 267?
True
Is 5899 a factor of 385924378?
True
Is 656 a factor of 476935616?
True
Does 926 divide 17088404?
True
Is 20207424 a multiple of 164?
True
Is 879860180 a multiple of 10?
True
Is 21961216 a multiple of 236?
True
Is 23866032 a multiple of 62?
True
Does 9 divide 2498048272?
False
Does 412 divide 2742186089?
False
Is 103 a factor of 833622569?
True
Is 190639755 a multiple of 141?
True
Does 10 divide 38896919?
False
Is 168 a factor of 6028628?
False
Is 1419 a factor of 225233845?
False
Does 13 divide 2164569920?
False
Is 81801049 a multiple of 943?
False
Is 963632968 a multiple of 66?
False
Does 1296 divide 16953848?
False
Does 28 divide 5940956?
True
Does 43 divide 30383873?
False
Is 1897991000 a multiple of 125?
True
Does 1421 divide 58506833?
True
Is 740 a factor of 78428160?
True
Does 23 divide 456361560?
False
Does 27 divide 1250614?
False
Is 3944 a factor of 3336773872?
True
Does 133 divide 5140187?
False
Is 2118325 a multiple of 14?
False
Is 23 a factor of 140952746?
False
Is 24 a factor of 143093592?
True
Is 232 a factor of 42482958?
False
Is 2296643895 a multiple of 21?
True
Is 115493658 a multiple of 14?
True
Is 186 a factor of 156367224?
True
Is 10 a factor of 245476743?
False
Is 16351674 a multiple of 22?
False
Does 332 divide 5872748?
True
Is 61 a factor of 2650044307?
False
Is 415 a factor of 59405590?
True
Is 1290461150 a multiple of 38?
False
Is 66529074 a multiple of 549?
False
Does 1314 divide 386838972?
True
Is 11 a factor of 59378165?
True
Is 1435525200 a multiple of 7320?
True
Is 14157948 a multiple of 93?
True
Is 26 a factor of 148405779?
False
Does 790 divide 273738551?
False
Is 935 a factor of 71597148?
False
Is 2108635 a multiple of 2?
False
Does 7 divide 1795276?
True
Does 418 div